t common divisor of 122602079 and 4522.
323
What is the greatest common factor of 119349504 and 2511?
837
Calculate the highest common divisor of 443973798 and 3078.
3078
What is the greatest common divisor of 302 and 182890294?
302
What is the highest common factor of 22982 and 898?
2
Calculate the highest common factor of 279467 and 132816.
2767
What is the greatest common divisor of 437 and 20827328?
23
What is the highest common factor of 18530336 and 8800?
352
Calculate the highest common divisor of 87 and 17286697.
29
What is the highest common divisor of 12630 and 2734880?
10
Calculate the greatest common divisor of 5005 and 320957.
91
What is the highest common divisor of 845962 and 949?
13
Calculate the greatest common divisor of 2048 and 1137256.
8
Calculate the highest common factor of 664 and 1021481.
83
What is the highest common factor of 28842 and 927498?
1518
What is the greatest common divisor of 318 and 7659454?
106
Calculate the greatest common factor of 21 and 11852484.
21
What is the greatest common factor of 35550 and 19470?
30
What is the greatest common factor of 91470 and 16300?
10
Calculate the highest common factor of 136576 and 162488192.
12416
Calculate the greatest common divisor of 3 and 68846499.
3
What is the highest common divisor of 1975300 and 40?
20
Calculate the highest common factor of 724756 and 53336.
236
Calculate the highest common factor of 226 and 912947905.
113
What is the highest common divisor of 15968 and 11015924?
1996
Calculate the greatest common divisor of 120300768 and 163296.
6048
Calculate the highest common divisor of 4409327 and 1813.
37
What is the highest common divisor of 515061 and 25393?
379
What is the highest common divisor of 12096454 and 18106?
1646
Calculate the highest common divisor of 1306 and 1472.
2
Calculate the highest common factor of 4285688 and 2332.
44
What is the highest common factor of 15 and 3556870?
5
What is the highest common factor of 4263 and 34566637?
203
What is the highest common factor of 2544722 and 1?
1
What is the highest common factor of 18468114 and 190?
38
Calculate the greatest common factor of 12 and 16320957.
3
Calculate the greatest common divisor of 158556558 and 6.
6
Calculate the highest common factor of 864 and 8599704.
24
What is the greatest common factor of 508849 and 461087?
1837
Calculate the greatest common factor of 8517650 and 1600.
50
What is the greatest common divisor of 4582936 and 8?
8
Calculate the greatest common factor of 7303393 and 1369.
37
Calculate the highest common divisor of 250 and 23037250.
250
Calculate the highest common factor of 9367260 and 18.
6
What is the greatest common factor of 79192 and 189069?
19
What is the highest common factor of 792 and 22935352?
88
Calculate the greatest common divisor of 1176214 and 299.
13
What is the greatest common divisor of 35 and 284285?
5
Calculate the greatest common divisor of 42 and 100281597.
3
Calculate the greatest common factor of 24 and 1107536.
8
What is the greatest common divisor of 13155 and 834315?
15
What is the greatest common factor of 60 and 29626815?
15
Calculate the greatest common factor of 10738 and 8788286.
1534
What is the greatest common factor of 83680 and 40032?
32
What is the greatest common factor of 1435860 and 20556?
36
What is the greatest common factor of 79871 and 81037?
583
What is the greatest common divisor of 4760 and 160965588?
476
Calculate the highest common factor of 1624 and 1640632.
56
What is the greatest common divisor of 17578 and 227062?
22
Calculate the highest common divisor of 52619918 and 39.
13
What is the highest common divisor of 23952264 and 56?
56
What is the highest common factor of 41519976 and 170893?
2341
Calculate the highest common factor of 11 and 6797043.
11
Calculate the highest common divisor of 24 and 219487512.
24
What is the greatest common factor of 2374321 and 1528?
191
What is the highest common divisor of 11270 and 4657940?
490
What is the highest common factor of 1712 and 1426738?
214
Calculate the highest common divisor of 73209 and 1238044.
23
What is the greatest common factor of 963029687 and 57?
19
What is the greatest common factor of 32126987 and 9784?
1223
Calculate the highest common factor of 577 and 208273343.
577
Calculate the greatest common divisor of 181513305 and 8325.
1665
Calculate the highest common factor of 659178 and 361179.
1053
Calculate the greatest common divisor of 4440 and 125280.
120
What is the greatest common factor of 35430208 and 113280?
3776
What is the greatest common factor of 25 and 2713800?
25
What is the highest common divisor of 482 and 618228383?
241
Calculate the highest common factor of 3180 and 186881180.
1060
What is the greatest common divisor of 30 and 478935180?
30
Calculate the greatest common factor of 1095160442 and 94.
94
What is the greatest common divisor of 450 and 1809700?
50
What is the highest common factor of 857791 and 13398?
319
What is the highest common divisor of 19374494 and 116?
58
What is the greatest common factor of 180856 and 1456?
104
Calculate the greatest common factor of 525912237 and 10341.
10341
What is the highest common divisor of 2686558 and 9066?
3022
Calculate the greatest common factor of 58187 and 38277661.
1877
What is the greatest common divisor of 189 and 5031423?
27
Calculate the greatest common divisor of 4337 and 1760227831.
4337
Calculate the greatest common factor of 13 and 883689209.
13
What is the highest common factor of 49 and 1507722650?
49
Calculate the greatest common divisor of 10561125 and 75.
75
Calculate the greatest common factor of 38508114 and 16878.
174
Calculate the highest common divisor of 2741737 and 16021.
37
Calculate the highest common divisor of 50 and 355421090.
10
Calculate the highest common factor of 4305 and 181930735.
1435
Calculate the highest common factor of 1482874540 and 140.
140
Calculate the greatest common factor of 852 and 169284.
12
Calculate the highest common divisor of 10025373 and 82767.
1761
What is the highest common divisor of 2349 and 11440413?
783
Calculate the greatest common factor of 54 and 234902298.
6
What is the highest common divisor of 2800223 and 23346?
1297
Calculate the highest common divisor of 19497553 and 66139.
1121
Calculate the greatest common factor of 5302 and 3191322.
482
Calculate the highest common factor of 162524 and 97252.
164
What is the highest common divisor of 738 and 13500603?
369
Calculate the greatest common divisor of 2227912 and 16.
8
What is the greatest common divisor of 210 and 102272910?
30
Calculate the greatest common factor of 6996 and 4078085.
583
Calculate the highest common divisor of 5094800 and 20.
20
Calculate the greatest common divisor of 340260 and 1230.
30
Calculate the greatest common divisor of 51 and 1048993432.
17
Calculate the highest common factor of 16403328 and 720.
144
Calculate the highest common divisor of 2723809 and 1737.
193
Calculate the highest common divisor of 731 and 5110829.
17
What is the greatest common divisor of 135 and 198595?
5
What is the greatest common factor of 581590282 and 42?
14
Calculate the highest common divisor of 329585 and 35.
5
What is the greatest common factor of 48865 and 61045?
145
Calculate the greatest common factor of 5136 and 241272588.
1284
What is the highest common factor of 11140920 and 26460?
1260
Calculate the highest common factor of 620471678 and 136.
34
Calculate the greatest common factor of 19356223 and 164.
41
What is the highest common factor of 503097954 and 222?
222
What is the greatest common divisor of 73 and 14126011?
73
Calculate the highest common divisor of 259334 and 4164659.
1021
What is the greatest common factor of 269 and 33800657?
269
Calculate the greatest common divisor of 288861 and 7008.
219
What is the highest common divisor of 212 and 1076183868?
212
Calculate the greatest common factor of 1727736 and 42.
6
What is the greatest common factor of 6254763 and 9?
3
Calculate the greatest common factor of 31816 and 3122139.
97
What is the highest common divisor of 50 and 88624900?
50
What is the highest common divisor of 249956 and 106333?
113
Calculate the greatest common divisor of 183 and 296513741.
61
What is the highest common div